0633 a composite number?
False
Is 93212467 a prime number?
False
Is 5078803 a composite number?
True
Is 977083 prime?
False
Is 324794917 a prime number?
False
Is 105943 composite?
False
Is 52217063 composite?
False
Is 261863 a composite number?
True
Is 3167809 composite?
False
Is 4329817 a prime number?
True
Is 198216011 a composite number?
True
Is 4520723 a composite number?
True
Is 18784241 composite?
True
Is 111339049 prime?
True
Is 787427 composite?
False
Is 23711263 a composite number?
False
Is 1229693 composite?
True
Is 5753989 a composite number?
True
Is 207185887 a composite number?
False
Is 21340273 prime?
True
Is 2061779 composite?
True
Is 75728953 composite?
False
Is 481363 a prime number?
True
Is 928617 composite?
True
Is 93842953 prime?
True
Is 45432494 prime?
False
Is 171228271 a prime number?
True
Is 2916667 prime?
False
Is 5006051 prime?
False
Is 2072261 prime?
False
Is 13308103 composite?
True
Is 11346161 a composite number?
True
Is 3990731 composite?
False
Is 15136873 composite?
False
Is 49856489 prime?
False
Is 165695363 a composite number?
False
Is 2153449 prime?
True
Is 11473123 prime?
False
Is 374191 prime?
False
Is 26164315 a prime number?
False
Is 441979 composite?
True
Is 19919969 prime?
True
Is 57151015 a prime number?
False
Is 1893131 a prime number?
True
Is 1492796273 prime?
True
Is 9131659 composite?
False
Is 33795679 a prime number?
False
Is 3305597 composite?
True
Is 182235151 prime?
False
Is 3182189 a composite number?
False
Is 20125979 composite?
False
Is 6670357 composite?
True
Is 345953 prime?
True
Is 59008681 prime?
False
Is 5004397 prime?
False
Is 6584191 composite?
True
Is 464491243 a composite number?
False
Is 1162003 a composite number?
True
Is 21834769 a composite number?
True
Is 255855895 a composite number?
True
Is 48632753 a composite number?
True
Is 191207 a composite number?
True
Is 33770141 prime?
False
Is 494238011 prime?
True
Is 61100453 a composite number?
True
Is 754037 prime?
True
Is 4530098 a prime number?
False
Is 1201457 a composite number?
True
Is 4358689 composite?
True
Is 9780721 a composite number?
False
Is 1276529 a composite number?
False
Is 1411559 composite?
False
Is 29565341 composite?
True
Is 6062429 composite?
False
Is 32646431 composite?
True
Is 1012861 a prime number?
True
Is 70881323 a composite number?
False
Is 1979573 a prime number?
True
Is 131413 a composite number?
False
Is 285941153 prime?
False
Is 983429 prime?
True
Is 4610071 composite?
True
Is 3231949 a composite number?
True
Is 25197421 a prime number?
False
Is 31372609 prime?
True
Is 7750717 a composite number?
True
Is 8985589 a prime number?
True
Is 37678063 prime?
False
Is 5777341 composite?
True
Is 52249391 composite?
True
Is 2427683 a prime number?
True
Is 1318349 prime?
True
Is 20522609 a composite number?
False
Is 343187 composite?
True
Is 371319347 a composite number?
True
Is 60400705 a prime number?
False
Is 655150213 a prime number?
True
Is 3596779 composite?
True
Is 11288497 composite?
True
Is 7894913 prime?
False
Is 18258271 a prime number?
False
Is 29652421 composite?
True
Is 3872989 a composite number?
True
Is 147593 a composite number?
True
Is 9656377 prime?
True
Is 19690003 composite?
False
Is 497489 composite?
True
Is 2249537 prime?
True
Is 912383 a prime number?
False
Is 322775507 prime?
True
Is 20944993 a prime number?
False
Is 3774521 prime?
False
Is 22869559 a composite number?
True
Is 1882967 prime?
False
Is 8039653 prime?
True
Is 26860307 composite?
False
Is 4443059 a composite number?
True
Is 2226893 a prime number?
True
Is 10204003 prime?
False
Is 49433039 a prime number?
True
Is 56025533 a composite number?
False
Is 821189 prime?
False
Is 31016467 a prime number?
True
Is 115123361 a prime number?
True
Is 347119 prime?
False
Is 432068047 composite?
False
Is 15043591 a composite number?
False
Is 1321315 prime?
False
Is 13706141 prime?
True
Is 52000527 a composite number?
True
Is 3547162 prime?
False
Is 583187551 a composite number?
False
Is 63439907 composite?
True
Is 291003583 a composite number?
True
Is 211656427 composite?
False
Is 1242289 composite?
False
Is 1839119 a composite number?
True
Is 12634243 a prime number?
True
Is 68870545 composite?
True
Is 9758527 composite?
True
Is 2418109 a composite number?
False
Is 25826246 a prime number?
False
Is 986735 prime?
False
Is 18002161 prime?
True
Is 12396337 composite?
False
Is 34507409 composite?
False
Is 54585683 prime?
False
Is 26727923 prime?
True
Is 673181923 a prime number?
True
Is 342649 a composite number?
True
Is 1674433 composite?
False
Is 6561869 a prime number?
False
Is 14668073 a composite number?
True
Is 2911231 a composite number?
True
Is 42735343 composite?
True
Is 19447061 prime?
True
Is 17344111 prime?
False
Is 3684151 prime?
True
Is 1117303 a prime number?
False
Is 121832399 a prime number?
False
Is 104589743 composite?
True
Is 3677129 prime?
True
Is 16279187 composite?
True
Is 5404741 prime?
True
Is 5705861 a prime number?
False
Is 936842 a composite number?
True
Is 5368537 composite?
True
Is 2459845 composite?
True
Is 11300041 a prime number?
False
Is 43786882 prime?
False
Is 6294887 a prime number?
False
Is 953723 prime?
False
Is 8528803 a composite number?
True
Is 16613347 composite?
False
Is 135311677 a composite number?
False
Is 477192607 composite?
True
Is 118962647 composite?
True
Is 11959187 composite?
True
Is 590357 composite?
False
Is 96318311 composite?
True
Is 545219 prime?
False
Is 3040469 a prime number?
True
Is 10609385 prime?
False
Is 2720953 prime?
True
Is 33523109 composite?
False
Is 4492273 composite?
False
Is 10765673 a composite number?
True
Is 31878101 prime?
True
Is 41807899 composite?
True
Is 984091 a composite number?
False
Is 26001331 a composite number?
False
Is 17234437 composite?
True
Is 38569621 a prime number?
False
Is 1070234302 composite?
True
Is 205892057 a prime number?
False
Is 169109762 prime?
False
Is 15964423 prime?
True
Is 302399 a prime number?
True
Is 176645857 composite?
False
Is 10075321 prime?
False
Is 2413493 prime?
True
Is 6645971 prime?
True
Is 935243 prime?
True
Is 51067441 prime?
True
Is 131139223 prime?
False
Is 1482049 a prime number?
True
Is 27254354 prime?
False
Is 23853211 prime?
False
Is 16799261 prime?
True
Is 20153777 composite?
True
Is 28959397 composite?
False
Is 6801646 composite?
True
Is 523651 a prime number?
False
Is 8336467 prime?
True
Is 8358703 a composite number?
False
Is 1699613 a prime number?
False
Is 37774703 a prime number?
True
Is 35179 prime?
False
Is 50284391 a composite number?
False
Is 3759043 a prime number?
False
Is 3143 prime?
False
Is 362509603 a composite number?
False
Is 247917407 a composite number?
False
Is 1294483 a prime number?
True
Is 1258601 a prime number?
True
Is 300695231 a prime number?
True
Is 300054397 a composite number?
True
Is 306510513 composite?
True
Is 1123501 composite?
False
Is 51957233 a prime number?
True
Is 2345285131 composite?
True
Is 35675873 composite?
False
Is 523199 a prime number?
False
Is 10636829 prime?
False
Is 12397171 composite?
False
Is 40504661 a composite number?
False
Is 11265931 composite?
True
Is 7708609 prime?
False
Is 245161 a prime number?
False
Is 20315795 a composite number?
True
Is 24959471 composite?
False
Is 3150889 a composite number?
True
Is 6522977 composite?
True
Is 498493 composite?
False
Is 104859473 composite?
False
Is 187008181 composite?
True
Is 10251337 a prime number?
True
Is 37046773 composite?
False
Is 1757227 a prime number?
False
Is 17269019 composite?
False
Is 14291371 prime?
True
Is 109362521 composite?
False
Is 11246657 composite?
True
Is 906343843 composite?
False
Is 2490793 a prime number?
False
Is 13305469 a prime number?
True
Is 176717011 prime?
False
Is 346999949 a prime number?
False
Is 292928915 composite?
True
Is 21922319 a prime number?
True
Is 1226255 prime?
False
Is 9529981 a prime number?
False
Is 70317449 a composite number?
False
Is 3944933 composite?
False
Is 319400227 a composite number?
False
Is 36365969 a composite number?
True
Is 11220439 prime?
False
Is 6749203 a composite number?
False
Is 491261 a composite number?
False
Is 37912739 composite?
True
Is 40759627 prime?
False
Is 286949 composite?
True
Is 8253431 prime?
True
Is 100569223 prime?
False
I